9 = 238*l - 11050 - 167255. Calculate the greatest common divisor of 12 and l.
6
Suppose 54*j - 7408 = 46*j. Let t = 1386 - j. What is the greatest common factor of 46 and t?
46
Let z(m) = m - 72. Let a be z(0). Let d = 0 - a. What is the highest common factor of 90 and d?
18
Let t = 4215 - 3214. Calculate the highest common divisor of 91 and t.
91
Suppose -12*x + 192 = 5*z, 0 = 37*z - 33*z - 2*x - 200. Calculate the greatest common divisor of z and 1044.
12
Suppose 1395 = 3*j - y - 344, 4*j + 5*y - 2325 = 0. Suppose k - 26 = -m, 0 = k + 334 - 340. Calculate the greatest common factor of m and j.
20
Let v = -351 + 368. Suppose -29*a + 4620 = -v*a. Calculate the highest common factor of a and 110.
55
Let k = -35 + 19. Let r(h) = h**2 - 25*h + 19. Let w be r(k). What is the greatest common divisor of 9 and w?
9
Let a = 23 - 3. Let h be (a/(-50))/((-2)/15). Suppose -2*u = u - h. Calculate the greatest common divisor of 8 and u.
1
Let o = -18 - 2. Let i = 61 + o. Suppose 2 = r - i. Calculate the greatest common factor of r and 129.
43
Let v = 107 + -123. Let t be ((-4)/(v/9))/(2/8). Suppose -258 = -3*j - 0*s - 5*s, -j + 5*s + 66 = 0. Calculate the highest common factor of j and t.
9
Let l be 265 + (-15 - -2) + 4. Calculate the greatest common factor of l and 40.
8
Let j(k) = -k**3 + 14*k**2 - 14*k + 10. Let t be j(13). Let p be (t + -32 + -1)*-3. Suppose 0 = z - 4*z + p. Calculate the highest common factor of z and 4.
4
Let w = -10003 - -10155. Let t = -6 + 8. Let c be 231/6 - 1/t. What is the highest common factor of w and c?
38
Let a = -335 - -202. Let q = 164 + a. What is the highest common factor of q and 341?
31
Let t(m) = m**2 + 13*m + 59. Let y be t(17). Suppose -3*i = 4*o - y - 401, o + 5 = 0. Calculate the highest common divisor of i and 90.
30
Suppose 5*j - 359*f - 440 = -363*f, 2*j + 5*f = 176. What is the highest common divisor of j and 253?
11
Let s be 5 - 1 - (0 - 2). Suppose 12 = 3*v - s. Suppose -a = -3*b + 11, -289*a + 294*a - 9 = -b. Calculate the greatest common divisor of b and v.
2
Suppose 375 = 7*s + 18*s. Suppose -s*y - 940 = -17*y. Calculate the greatest common factor of 10 and y.
10
Suppose 4*b = -3*g + 2534, 5*b = 5*g - 3548 - 722. What is the greatest common factor of g and 70?
10
Suppose -85*u + 87234 = -66276. Calculate the highest common factor of 126 and u.
42
Suppose -524182 + 158690 = -52*w + 463336. Calculate the highest common divisor of 154 and w.
77
Suppose -39 + 60 = 3*a. Let t be (-8 + (-768)/(-21))*a/2. Let l be (-10)/3*(0 - 3). Calculate the greatest common divisor of l and t.
10
Suppose 16*r = 364825 + 24983. What is the highest common factor of 9 and r?
9
Let u = 547802 + -547746. Let k(l) = l**2 + 2*l. Let x be k(2). What is the greatest common factor of u and x?
8
Let v(l) = -37*l + 15. Let t be v(2). Let u = t - -212. Calculate the highest common divisor of u and 27.
9
Suppose 4*k + 235 = 5*o, 2*o + 3*o = 15. Let u be (5 - k/1) + 6/1. Calculate the highest common divisor of 33 and u.
33
Suppose 4*l = 5*z - 503, -3*l + 634 = 5*z + 145. Suppose -10*p - z = -329. Suppose 0 = 5*m - 392 - 873. Calculate the highest common divisor of m and p.
23
Suppose 0 = 103*j - 35817 - 233. What is the greatest common divisor of j and 196?
14
Let x = -727 + 756. Calculate the highest common divisor of 11513 and x.
29
Suppose -3*n + 7*r = 6*r - 32, 0 = -4*n + r + 44. Calculate the greatest common factor of 3258 and n.
6
Suppose -4*i = 5*w - 15934 - 51461, 0 = -2*i + w + 33701. Calculate the greatest common divisor of i and 50.
50
Suppose -3*w = 2*z + 188, -2*w - 123 = -0*w - z. Let k = w - -122. Let c be (-1 - -5) + (2 - -9). Calculate the greatest common divisor of k and c.
15
Let v be (1 - (-906)/15)/(185/6475). What is the highest common factor of 112 and v?
7
Let d(i) = -47*i - 14. Let z(c) = 50*c + 12. Let w(s) = -5*d(s) - 4*z(s). Let h be w(0). Calculate the greatest common divisor of 99 and h.
11
Let q = -8430 + 15482. Calculate the greatest common factor of q and 328.
164
Let p = 16 - 7. Suppose p*k - 520 = 4*k. Suppose 0 = 5*c - 34 - 31. What is the greatest common factor of k and c?
13
Suppose 11*v - 47310 = -3618. Calculate the greatest common divisor of v and 48.
12
Let j = 1312 + -1201. Let i = 120 - 83. What is the greatest common factor of i and j?
37
Let x(l) = l**2 - l. Let c(y) = 12*y**2 - 6*y + 4. Let d(f) = c(f) - 3*x(f). Let g be d(3). Let o = -75 + g. What is the highest common factor of 4 and o?
1
Let i(b) = 5*b**3 + 16*b**2 - 12*b + 20. Let w be i(2). Calculate the highest common divisor of w and 6100.
100
Let g be -13 - (8 - (6 - 4)). Let n = g + 31. Calculate the greatest common factor of 12 and n.
12
Let c be 9/(-4 - -5 - (-7)/(-8)). Suppose -f - 2*d - 55 = -48, 35 = 5*f - 4*d. What is the highest common factor of f and c?
3
Let g = 392 - 389. Suppose -g*a + 28 = -170. Calculate the greatest common divisor of 88 and a.
22
Suppose -5*o = 5*c + 1200, c = 3*o - o + 480. Let d be o/45*3/(-2). Suppose d*x + 5 = 85. What is the highest common factor of x and 5?
5
Suppose 85 = -9*f + 544. Suppose t = 3*q - 7*q + 7, -5*q = 5*t - 20. Calculate the greatest common factor of f and t.
3
Suppose 0 = o - 308*r + 306*r - 100, 3*o - 292 = 5*r. Calculate the highest common divisor of o and 987.
21
Suppose -2*z - 204 = -19*z. Suppose 3*d - 1200 = -2*j, -2019 = -3*d - 2*d + 3*j. Suppose 654 = 4*y - d. Calculate the highest common factor of z and y.
12
Let z(f) = -866*f + 12178. Let m be z(14). Calculate the greatest common factor of 8235 and m.
27
Let n(s) = -s**3 + 59*s**2 - 319*s + 486. Let y be n(37). Calculate the highest common factor of y and 9.
9
Let u(t) = t + 4. Let g be u(-4). Suppose 2*y + 2*y - 52 = g. Let z(h) = 139*h - 34585. Let s be z(249). What is the highest common factor of s and y?
13
Let l(u) = 2*u - 23*u + 2379 - 2243. Let n be l(6). What is the highest common divisor of 70 and n?
10
Suppose 2*a - 314 = -4*o, 462 - 163 = 4*o + 5*a. Calculate the highest common divisor of o and 3807.
81
Suppose h = -5*z + 157, 0 = -h - h + 2*z + 374. Suppose -4*v + 260 = 204. What is the greatest common factor of h and v?
14
Suppose -o = -5*o. Suppose 34 + 2 = 4*w + 4*j, 5*j - 5 = o. What is the greatest common divisor of w and 56?
8
Suppose 3*x = 4*b + 35, -5*x - 3*b = 2*b. Suppose -x*p = 29 - 1424. What is the greatest common factor of p and 31?
31
Let k(f) = -2*f**2 - 45*f - 20. Suppose -32*g + 8*g - 504 = 0. Let z be k(g). What is the highest common factor of 344 and z?
43
Let z = 1443 + -1366. What is the greatest common factor of z and 1232?
77
Suppose -1274 = 10*z - 74. Let m = z - -176. What is the greatest common divisor of 7 and m?
7
Let s(m) = 8*m - 29. Let i be s(7). Let y be (4/(-5))/((-4)/10). Let j be (-46)/(-14) + y/(-7). Calculate the highest common divisor of j and i.
3
Suppose -s - 1078 = -4*k, -3*k + 2*s + s = -804. Let b = -1015 - -1035. What is the highest common factor of k and b?
10
Suppose -53*s - 20830 = -5*h - 48*s, 0 = -h - 2*s + 4181. What is the greatest common divisor of 194 and h?
97
Let g(f) = 2*f**3 - 4*f**2 + 45*f - 200. Let u be g(5). Calculate the highest common factor of u and 280.
35
Suppose 19*c = 2437 + 470. Suppose -6*w = -2*w - 8. Suppose w*t = -7*t + c. Calculate the greatest common factor of t and 68.
17
Suppose -42*m = -50*m + 2192. Let r = 303 - m. What is the greatest common divisor of r and 319?
29
Let a(f) = -2*f**3 + 4*f**2 - 36*f - 210. Let l be a(-8). Calculate the highest common divisor of l and 238.
14
Let w = 582 - 577. Suppose 5*j + w*d = 205, -22*j + 23*j = d + 49. What is the greatest common divisor of 135 and j?
45
Let b(v) = v**3 + 5*v**2 - 11*v - 43. Let d be b(-5). Suppose 3*z = d, 4*t = 6*z - 9*z + 1352. What is the highest common divisor of 134 and t?
67
Suppose 4*a - 2030 - 910 = 0. Calculate the highest common divisor of a and 45.
15
Let o be (-303)/(-2) - 7/(-14). Suppose o*p + 1260 = 158*p. What is the highest common factor of p and 7?
7
Suppose 5*g + 3*w + 0*w - 3 = 0, -1 = -3*g - w. Suppose g*y - 2*y - 8 = 0. Let m be (11/y)/(-2 + 7/4). Calculate the greatest common factor of m and 55.
11
Let z = 886 - 1502. Let a be (4/22 - (-1652)/z)*-434. Calculate the highest common factor of 35 and a.
35
Suppose -60*z - 67*z + 160909 = 0. Calculat